of g.
3, 5
Let l(o) = o + 4. Let z be l(-2). Suppose 0 = z*p - 35 - 11. What are the prime factors of p?
23
Suppose -4*k + 38 = -34. Let y = k + 0. Suppose -2*u - 2*w = -12, w = -3*u - 0*w + y. List the prime factors of u.
2, 3
Let x(h) = -h**3 + 7*h**2 - 7. Let t be 4 - -4 - (0 - -2). What are the prime factors of x(t)?
29
Let l(t) = t**3 - 2*t + 1. Let y be l(2). Suppose -3*n - y*c = -25 + 8, 4*n + 3*c = 19. What are the prime factors of n?
2
Suppose 4*n = 7*l - 2*l + 169, -l + 40 = n. What are the prime factors of n?
41
Let j(o) = o**2 + 5*o - 3. Let q be j(-6). Let d be (-42)/4*(-1 + q). Let m = -5 - d. What are the prime factors of m?
2
What are the prime factors of ((-8)/1)/((-3)/12)?
2
Suppose -4*a - 2243 = -0*n + n, 2*n + 6 = 0. What are the prime factors of 2/(-11) + a/(-55)?
2, 5
Let a(o) = -o**2 - 36*o - 9. List the prime factors of a(-22).
13, 23
List the prime factors of 3*2/6 + 197.
2, 3, 11
Suppose -7 = 5*u + 5*c + 3, 0 = 5*u - 2*c + 38. List the prime factors of (6/(-4))/3*u.
3
Let p(d) = -2*d - 2. Let t be p(-3). Let i = t + 26. What are the prime factors of i?
2, 3, 5
Let t = 2 - 1. Let r be 0 + 30 - (t - 1). Suppose -g - r = -3*v, 0 = -5*v - 5*g + 1 + 29. List the prime factors of v.
3
Suppose -3*n - 3*x = -51, 0*n = 4*n + x - 56. Let z = n - -1. List the prime factors of 4/(-4) - z*-1.
13
Let m(f) = 7*f + 17. What are the prime factors of m(3)?
2, 19
Let u = 76 - 43. List the prime factors of u.
3, 11
Suppose 3*p + 0*p = -3*j + 234, 78 = p - 3*j. List the prime factors of p.
2, 3, 13
Suppose -j + 4 = 4*c, 3*j + 10 = 3*c + 2*j. Suppose 5*f + 29 = 5*i + 2*f, -5*i = c*f - 14. What are the prime factors of i?
2
Suppose -y + 3*v + 6 = 18, -y - v = -4. Let r(g) = -g + 13. What are the prime factors of r(y)?
13
Let g be 4/6*(-117)/(-2). Suppose -45 = -3*f + g. Suppose -5*z = -5*c - 30, -4*z + 2*c + 3*c = -f. What are the prime factors of z?
2
Let y(q) = q**2 + 4*q - 5. Let c be y(-5). Suppose c = 5*w + 22 - 112. What are the prime factors of w?
2, 3
Let j(t) = 6*t**2 + t - 1. Let n = 4 + -4. Suppose n = 4*h - 2 - 2. List the prime factors of j(h).
2, 3
Let k(j) = j - 9. Let p be k(7). What are the prime factors of (-1)/p*2*24?
2, 3
Suppose 0 = -6*q + 4*q - 8, 4*q + 460 = 4*r. What are the prime factors of r?
3, 37
Suppose 5*g - 27 = -3*j, 5*g - 24 = g - 3*j. Suppose -5*n - g*t = -105, 0 = -t - 2*t. List the prime factors of n.
3, 7
Let s = 0 - -11. List the prime factors of s.
11
Suppose 5*y + h - 33 = -0*h, 4*y - 33 = -3*h. What are the prime factors of y?
2, 3
Let l = -5 + 5. Suppose l = -u - 0*u + 4. List the prime factors of u.
2
Let u be (-6)/(-9) + (-16)/(-3). Suppose 2*t = -2*r + u, t = -0*r + 2*r - 6. What are the prime factors of r?
3
Let f = 123 - 75. Suppose f = 2*m + 2*m. List the prime factors of m.
2, 3
Suppose 0 = 3*w - 288 + 57. Suppose z + 9 - 34 = -5*s, 2*z = -s + w. List the prime factors of z.
2, 5
Let c(o) = o**2 + 2*o - 2*o + 14. Let h be c(0). Let u = h - 2. What are the prime factors of u?
2, 3
Let o(i) = 53*i**3 + 2*i**2 - i. List the prime factors of o(1).
2, 3
Let o(j) = -2*j - 19. Let u(h) = -h - 9. Let n(d) = 2*o(d) - 5*u(d). What are the prime factors of n(-5)?
2
Suppose 5*b = -g + 22, 2 + 3 = -5*b. Let w = 14 - g. Let s = 21 + w. What are the prime factors of s?
2
Let d(u) = 13*u**2 + 7*u + 1. What are the prime factors of d(-3)?
97
Let s(h) = 6*h + 9. What are the prime factors of s(9)?
3, 7
Let f = -28 + 60. Suppose -k - f + 92 = 0. Suppose -5*q = 2*n - 43, -k = -5*n - 2*q - q. What are the prime factors of n?
3
Suppose 2 = -2*k + 8. Suppose 3*r = -2*r - 5*u + 10, -4 = -k*r - 5*u. What are the prime factors of r?
3
Let b(k) = 9*k + 6. Let y(d) = -d**2 + 7*d + 4. Let c be y(7). What are the prime factors of b(c)?
2, 3, 7
Let d = 1 - -3. Suppose p = 4*x - 66, -d*x - 4*p - 14 + 90 = 0. What are the prime factors of x?
17
Let d be (-1 - 0)/(1/12). List the prime factors of ((-18)/d)/((-2)/(-24)).
2, 3
Suppose 2*i = -5*o + 25, -2*i + 2*o = -0 - 18. Suppose 5 = 5*r, -r + i = -2*d + 3*r. Let a(u) = -3*u + 2. List the prime factors of a(d).
11
Let f(u) = -u**3 + 2*u**2 + 5*u + 2. Let a be f(-3). Let q = a + -80. List the prime factors of q/(-5) + 15/(-25).
3
Suppose -3*l = 4*r - 9 - 431, -r = -3*l - 95. What are the prime factors of r?
107
Let f(o) = -o**2 - 3*o + 70. What are the prime factors of f(0)?
2, 5, 7
Let k(o) = -o**3 - 5*o**2 + 4*o - 4. Suppose -3*l = -5*l - 12. Let r be k(l). Suppose -2*d = -d - 4*j + 17, -r = -d - j. What are the prime factors of d?
3
Let s(n) = n**3 - 6*n**2. Let k be s(6). Suppose 2*d - 4 + 70 = k. What are the prime factors of d/11 - (-23 + 1)?
19
Let t(a) = -2*a - 6 + 3 + 1. Let o be (-1 + 2)/(1/(-3)). What are the prime factors of t(o)?
2
Suppose 0 = 3*t + 3*m - 66, m + 4*m + 65 = 2*t. What are the prime factors of t?
5
Let z(x) = -16*x + 9. Let l(v) = 3*v - 2. Let i(d) = 22*l(d) + 4*z(d). List the prime factors of i(6).
2
Let r(o) = o**2 + 4*o - 8. Let t be (-1)/2*(1 + 11). List the prime factors of r(t).
2
Let g(c) = c**3 + c**2 - 2*c - 3. Let u be g(-2). Let j = u - -14. List the prime factors of j.
11
Let s = 37 + -20. Suppose -r + 5 + s = -x, 3*x = -3. What are the prime factors of r?
3, 7
Let p(a) = a**3 + 1. Let o(k) = -7*k**3 + 2*k**2 - k - 6. Let s(u) = -o(u) - 6*p(u). What are the prime factors of s(4)?
2, 3
Suppose 0*m - m + 15 = 4*c, -c + 4*m = -25. Suppose -11 = c*j - 31. What are the prime factors of 1*-2 - (-40)/j?
2
What are the prime factors of 345/7 + (-4)/14?
7
Let q(z) = 2*z**3 + 11*z**2 + 3*z - 5. List the prime factors of q(-4).
31
Let l = -13 - -51. Let q = -22 + l. What are the prime factors of q?
2
Let s = -22 - -37. What are the prime factors of s?
3, 5
Let j = 179 - 119. Let c be 5*1*(-36)/j. Let h(t) = t**2 - 4*t + 1. List the prime factors of h(c).
2, 11
Let s(q) = -q**2 - 4*q + 2. Let r(f) = -f**2 + f - 1. Let d(o) = -3*r(o) - s(o). List the prime factors of d(-2).
3, 5
Suppose -10 = -r - 4*r. Suppose -5*v + 13 = 2*h, -4*h + r*v + 0*v = -62. What are the prime factors of h?
2, 7
Let k be (-2 - -3)/(3/(-27)). Let o = -4 + -9. Let r = k - o. What are the prime factors of r?
2
Let n = 11 + -8. Suppose n*d = 2*d + 24. List the prime factors of d.
2, 3
Let x be 1 - (0 - 6) - -2. Suppose -x = -s + 7. Suppose 4*g + 16 = 2*k, k = -4*k - 2*g + s. What are the prime factors of k?
2
Let n(q) = -q**2 + 4*q**3 + 0*q**2 + 2*q**3. What are the prime factors of n(1)?
5
Let z(l) = l**2 + 5*l + 45. What are the prime factors of z(-15)?
3, 5, 13
Let d(b) = 3 - b**3 + 4 - 1 + 5*b**2 + b. Let a be d(5). Let w = a - 0. What are the prime factors of w?
11
Let k(s) = -s**3 + 4*s**2 + 2*s - 4. Let v be k(4). Suppose 0*l - 2*l = 5*y - 33, v*l - 24 = -4*y. Suppose 3*g - y = 17. List the prime factors of g.
2
Let l(n) = 2*n - 4 - n - n + n**3 - n**2. Let j be l(0). What are the prime factors of -9*(-1 + j/(-6))?
3
Suppose -3*u - 29 = -5*j, 5*j - 2*j + 3*u - 3 = 0. Let m(l) = 8*l + 8. Let i be m(3). Suppose -2*p + 8 = 4*q, j*p + q - i = p. What are the prime factors of p?
2, 3
Let z(w) = w**3 + 4*w**2 - 5*w + 2. Let r be z(-5). Let a(c) = c**2 + c + 1. Let p be a(r). Suppose 3*g - p = 23. List the prime factors of g.
2, 5
Let x(c) = -9*c**3 - 3*c**2 - 4*c - 3. What are the prime factors of x(-2)?
5, 13
Let j(v) = v**3 + 11*v**2 - 3*v. List the prime factors of j(-11).
3, 11
Suppose 0 = 3*t - x - 232, -5*x = 5*t - 0*x - 420. What are the prime factors of t?
79
Suppose -3*p + 5*b = -7, -2*p - b - 3 = -3*p. What are the prime factors of p?
2
Suppose 0 = 2*l - 7*l - 10. What are the prime factors of -8*l*(-3)/(-12)?
2
Suppose 6*x - 17 - 1 = 0. Let g = 9 - x. What are the prime factors of g?
2, 3
Suppose -3*q + 15 = -6. Let p(a) = 2*a**2 - 7*a - 9. What are the prime factors of p(q)?
2, 5
Suppose -4*s + 4 = -24. List the prime factors of s.
7
What are the prime factors of -1 + (-2 - 4*-3)?
3
Suppose -5*f - 53 = 57. Let y = f + 76. Suppose -2*w + 3*h + y = 0, 2*h + h = -4*w + 72. What are the prime factors of w?
3, 7
Suppose 0 = -5*t + 5*n + 50, -2*t - 3*n = -0*n - 10. Let m(k) = -2 - 2 + k**2 - 5*k - 2*k. What are the prime factors of m(t)?
2
Let r = 10 - 6. Suppose -r*x - 5 = x. List the prime factors of (4 + -3)/(x/(-4)).
2
Let t = -24 - -41. What are the prime factors